+ 7) - (-4 - 0).
4
What is 1 - (-8 + (6 - 1 - -11))?
-7
What is the value of -3 - 2 - (1 + -8) - 2?
0
(-3 - 1) + 5 + -6 + 4
-1
-23 - (-13 - 2) - (1 + -3)
-6
Evaluate 4 + (6 - 3) + -2 + 0.
5
Evaluate -9 + 2 + 4 + 2.
-1
Evaluate (6 - -4 - 12) + -1.
-3
What is (2 - (7 - 4)) + 3?
2
1 - 0 - (-12 - -9)
4
Evaluate 0 - (-2 + 9 - 1).
-6
What is -120 - -135 - (7 + 1)?
7
Calculate 3 + -12 + 4 - (0 - 4).
-1
Calculate (2 + -2 - 3) + (8 - 4).
1
0 + 6 - 9 - -2
-1
What is the value of 0 + -9 + 5 - -2?
-2
Evaluate -8 + (6 - 2) + 5.
1
What is -9 + 6 + 2 + -2 + -3?
-6
What is (0 - 0) + (-3 - -9 - 5)?
1
What is the value of (1 - 0) + -6 + 3?
-2
Evaluate 5 + -13 + -1 + 8.
-1
Evaluate -6 - (-4 + 3) - (-4 + 1).
-2
What is -8 + 2 - (-11 - -3)?
2
What is (1 - 3) + (7 - 3)?
2
What is the value of (-8 - (-8 + -3 - -9)) + 8?
2
What is 28 + -26 - (1 - 3 - -2)?
2
What is (7 - (0 - -6)) + -8?
-7
5 + (-2 - (0 + -1 - -2))
2
(-9 - -3 - 1) + -1
-8
-10 + 3 + 12 + -10
-5
Calculate 16 + -3 - (66 - 59).
6
What is -8 + 2 - (-13 - (-4 + -3))?
0
Evaluate -1 + 9 + -9 + (-2 - -8).
5
Calculate 3 + -1 + -5 + 4 - 8.
-7
Calculate (10 - (16 + -12)) + -1.
5
What is 2 + (2 - -4) + -11?
-3
Calculate (7 - 6) + 3 - 2 - -4.
6
What is the value of -6 + (5 - -3 - -1)?
3
What is the value of 5 - (11 - (1 + 5))?
0
Evaluate -13 + 6 + 4 + 0.
-3
What is (10 - (8 - 8)) + -6 + -14?
-10
What is -7 + -1 + 6 - -2?
0
Evaluate -4 + (2 - (8 + -11)).
1
What is 6 + -5 + -6 - -9?
4
What is 1 + 2 + -2 + -4?
-3
-9 + 4 - (24 - 38)
9
What is the value of -2 + (-2 - (-3 - -3))?
-4
What is the value of (-2 - -3) + 1 + -5?
-3
What is (7 - 0) + (-9 - -5)?
3
(-3 - -5) + 3 - (-2 - -5)
2
What is 4 + (2 - 9) + 7?
4
What is the value of -4 - (4 - -1 - 13)?
4
What is -45 + 49 + (0 - 11)?
-7
What is the value of 1 - 1 - (5 + 1 + -6)?
0
What is -12 - (5 - 1 - 14)?
-2
What is 3 + (-5 - 1) + 1 + -1?
-3
What is the value of (5 - -2) + (-12 - -6)?
1
Evaluate -8 + (-2 - -5) + 9 + -2.
2
What is the value of -3 - (1 - 7 - 3)?
6
(-2 - 5) + 3 + 2
-2
-20 + (6 - 2) + 12
-4
Evaluate -19 - -18 - (2 + 0 - 1).
-2
Calculate -1 + 1 + 2 + -7.
-5
Evaluate 12 + -8 + 3 + -1.
6
What is (-1 + 4 - 11) + -1 + 4?
-5
Evaluate -13 - (-4 + -8) - (1 - -2).
-4
What is the value of (-2 - 4 - -11) + -3 + 0?
2
Calculate (-1 + 6 + -4 - 8) + 0.
-7
Evaluate (4 + 1 - 1) + -3.
1
What is the value of -8 - (5 - 6) - -2?
-5
Calculate -3 + (0 - 1 - -1).
-3
Evaluate -6 + (5 - (1 + 2 + -1)).
-3
Evaluate 3 - (10 - (4 - 0)) - -2.
-1
Calculate 7 + (12 - 10) + (-2 - 1).
6
Evaluate 20 + -4 + 3 - 5 - 6.
8
What is the value of 5 - (3 + 1 + 2)?
-1
What is the value of 3 + -1 + (-4 - 0) + 1?
-1
(-7 - (8 - (-1 + 8))) + -2
-10
Evaluate 0 + 2 + (-14 - (-23 + 13)).
-2
What is 8 - (4 + -16 + 26)?
-6
(-11 - -4 - -11) + 2 + -7
-1
Calculate -1 + 0 + 2 + (5 - 7).
-1
What is the value of -1 + 0 + 2 + (-2 - -1)?
0
-1 + (-3 - (-3 + -4))
3
-15 + 23 + 1 + -11
-2
-7 + 2 + (-3 - -4) + -1
-5
What is -6 + 0 - (-6 + (0 - 5))?
5
What is (23 - 20) + 0 + 0?
3
Evaluate 1 - (-3 - 0 - -6).
-2
What is the value of 8 + -4 - (8 - 4 - -5)?
-5
Evaluate -6 + (-1 - 2) + -1 + 5.
-5
What is the value of (-3 - (-2 - (3 - 5))) + 1?
-2
What is (-6 - -2 - (-7 - 0)) + 2?
5
Calculate -2 + (-7 - -3 - -11 - 10).
-5
What is the value of -2 - (-3 + 4 + -4)?
1
What is (-1 - -2) + (-11 - -1) - -5?
-4
Evaluate (-1 - (4 + -8 - -2)) + 6.
7
(2 - -2) + -1 + (-4 - 2)
-3
What is (-4 - 1) + (67 - 62)?
0
Calculate -7 + 0 + 4 - -4.
1
Evaluate (20 - 17) + -1 + -5.
-3
What is -1 + -11 + 13 - 6?
-5
What is (-7 + 3 - 5) + 7?
-2
Evaluate (-1 - (3 + -2)) + 4.
2
What is the value of 8 - (-6 + 9) - (-1 - 1)?
7
What is the value of (3 - 23) + 35 - (0 - -4)?
11
Calculate (0 - 1 - 3) + (-7 - -7).
-4
Evaluate -6 + 2 + -2 + (-2 - -5).
-3
Calculate 1 - (-2 - -3) - -2.
2
-4 + -2 - (-12 + 4 + 5)
-3
What is (2 - 1) + (1 - -1)?
3
What is the value of -3 + -4 + 5 + (-1 - 2)?
-5
Calculate (-18 - -17) + (1 - (2 + -1)).
-1
Calculate 0 + 19 + -8 - 15.
-4
What is (7 - 5) + -5 + 9?
6
Calculate (13 - (22 + 1)) + 13.
3
What is 2 - (7 - (5 + -5)) - -5?
0
What is the value of 4 + (4 - (-7 + 0 - -6))?
9
20 + (-20 - -10) + -15
-5
-2 + 0 - (98 + -107)
7
-4 + 3 + 1 + (-25 - -22)
-3
Evaluate 7 + 0 + 5 + -9.
3
Evaluate (2 - -1) + (-1 - (3 + -4)).
3
Calculate 20 + -22 - (0 - -2 - 1).
-3
What is the value of (7 - 11) + -4 + 7?
-1
What is (-4 - (1 - 14)) + (2 - 6)?
5
What is 9 + (14 - 14) + -1 + -3?
5
What is -5 + (5 + -6 - -5) + 7?
6
-10 + 7 + 0 + -1
-4
What is the value of -7 + (5 - (2 + 0) - -2)?
-2
Calculate 3 + (-2 - (6 + 0 + -4)).
-1
What is 4 + (-1 + -2 - -3)?
4
Evaluate -5 + (1 + -2 + 2 - -3).
-1
(13 - -5) + -19 + -4 + -1
-6
Calculate 9 + (9 - 16) + -1 + 1.
2
What is (-57 - -58) + -1 + 0?
0
Calculate 2 - (-1 + 1 + -3).
5
(4 - (-2 + 3)) + -2
1
2 + -5 - (-24 - -22)
-1
Calculate (-4 - (0 - -2)) + 8.
2
What is (46 + -44 - (6 - 1)) + -3?
-6
Calculate 2 - (-5 + 1 - (-5 - -1)).
2
7 + 5 - 9 - 0
3
Calculate -7 - -4 - (-3 - -3) - -4.
1
Calculate 1 + 6 + -12 + (10 - 4).
1
Calculate -5 + 7 - (-1 - 2).
5
What is 1 + -1 + (-5 - -2) + 2?
-1
What is the value of 14 + -3 + 45 + -51?
5
-4 + -4 + -2 - -3
-7
Calculate 0 + -7 - (-2 - (0 - -1)).
-4
-10 + -1 + 15 + -3
1
What is the value of (2 - 0) + -1 - (-4 - -2)?
3
Calculate 4 + (15 - 23 - -1).
-3
11 - (37 + -8 + -11)
-7
What is the value of 1 - (-6 - (-13 - 0)) - -10?
4
What is (3 - (-12 + 4 + 5)) + -12?
-6
Evaluate 120 + -125 + 8 + 1 + 1.
5
-3 + (5 - 7 - 4)
-9
Calculate (-10 - (-7 - -7)) + 7.
-3
Evaluate -2 - (22 - 26 - (-3 + 1)).
0
Calculate -1 - (-9 + -1 + 12).
-3
What is the value of 2 + 8 + 3 - 7?
6
5 - (-2 - -2) - (7 - 7)
5
What is 16 + -14 + 1 + -1?
2
Evaluate 3 + -2 + -1 + (-5 - -3).
-2
1 + (2 + 0 - 0)
3
(-2 - 1) + 3 - (0 - 3)
3
Evaluate -7 - -1 - (-4 - -2).
-4
What is 4 - 1 - 1 - (-4 + 4)?
2
(-3 - -13) + -8 + 1
3
What is 5 + (2 - 2) - (5 - 5)?
5
Evaluate -12 - -14 - (0 + 5).
-3
What is the value of -4 + -2 + 0 + 4 - 4?
-6
Evaluate -6 - (-4 + -3 - 5).
6
-9 + (-12 - -4) + 15
-2
What is the value of 8 + (0 - 6 - -1) - 2?
1
What is 3 - (1 + 2) - (-6 - -9)?
-3
Evaluate -5 + (-4 - -7) - -7.
5
Calculate 0 + (0 - 2 - (1 - 0)).
-3
Evaluate -6 + 10 + -8 + -1.
-5
What is the value of -4 + 15 + -12 + 5?
4
What is the value of (-8 - (-7 + -2)) + 2?
3
What is the value of -3 + 2 + 3 + -2?
0
Evaluate 19 + -22 - (-3 - -2).
-2
0 + (-2 - 0) + 0
-2
What is (2 - -4) + -2 + 4?
8
Calculate -1 - 10 - (5 - 11 - 1).
-4
(2 - (3 - 0)) + 1
0
Calculate -3 - (4 + (0 - 3)).
-4
What is 0 - (4 + (5 - (5 + -1)))?
-5
What is the value of 1 - (5 + -6) - (-4 - -1)?
5
Evaluate 5 - (-3 + (3 - (-3 + 3))).
5
Calculate -5 + 0 + -1 + 0.
-6
What is the value of 0 - (0 + -1 - (-9 - -7))?
-1
-6 - -13 - (0 + 8 + 0)
-1
What is -13 + 5 - (-11 - 2)?
5
Evaluate 12 + (-10 - -1) - 0.
3
Evaluate 4 - (9 + -12 + (-2 - -1)).
8
What is the value of (-4 + 14 - 1) + -12?
-3
1 - 9 - ((1 - 4) + 0)
-5
-12 + -9 + 12 + 18
9
What is 2 - (-1 + -3 - -10)?
-4
What is (-1 - 9) + (-3 - -17)?
4
Calculate 3 + 0 - (-3 - -3 - 0).
3
Calculate 6 - (-1 + -3 + 5 - -3).
2
What is the value of -8 + (2 + -8 - -10) + 3?
-1
Evaluate 28 + -30 + -1 + (1 - -4).
2
Evaluate 1 - (-3 - (-9 - -1)).
-4
What is the value of -1 - (-3 + (-7 - -11) + 2)?
-4
What is 4 + 1 - (6 + -5) - 4?
0
What is -11 + 11 - (2 + -2 + 4)?
-4
What is the value of 2 - -15 - 5 - 4 - 0?
8
7 + (-18 - 12 - -13)
-10
What is the value of -9 + (2 - 4) - (-11 - -4)?
-4
Calculate 4 + (-10 - (-1 + -6)).
1
1 - -1 - (5 + 2 + -4)
-1
Calculate -10 + (7 - -2) - 0.
-1
(-4 - (7 + -8)) + -3
-6
What is the value of 9 - (-9 + (2 - -14))?
2
Calculate -9 + -7 + (5 - (-12 + 8)).
-7
What is the value of 30 + -25 - (-2 - -2)?
5
What is -5 - (-12 + (-5 - -7))?
5
Evaluate -16 + (11 - (-11 + 14)).
-8
Calculate (4 - 4) + -3 + 4 - -2.
3
What is 2 - (11 - 4) - -6?
1
What is the value of (1 + 2 - 6 - -3) + -1?
-1
Evaluate 12 - 6 - ((7 - -3) + 4).
-8
What is the value of -2 - (0 + 1 - (-1 + 2))?
-2
What is -2 - (-6 + 4 - (-5 - -1))?
-4
Calculate 0 - (2 + 1 - (-16 + 24)).
5
Calculate 1 - (-4 - (3 - 3)).
5
Calculate (-1 - 3) + (5 - -2).
3
What is the value of -2 + 0 + (5 - 4 - 2)?
-3
Evaluate -108 - -93 - (-9 + 1).
-7
What is the value of -4 + 12 + (0 - 14)?
-6
What is the value of -4 + (5 - (4 + 1 + 0))?
-4
Evaluate (5 - (-7 - -5)) + -6.
1
Evaluate 8 + -4 + (-1 - 5).
-2
